st derivative of -q**2 + 7*q - 1/6*q**3 + 13. Let g(y) be the first derivative of k(y). Give g(0).
-2
Suppose 0 = -s + 7 + 9. Let f = -13 + s. Let t be f + -6 - (2 + -3). Let m(d) = 4*d + 3. Determine m(t).
-5
Let y(w) be the second derivative of -w**4/12 - 4*w**3 - 2*w**2 + w - 3035. What is y(-7)?
115
Let w(x) be the second derivative of 1/12*x**4 + 0 - 5/6*x**3 - 5/2*x**2 + x. Suppose 8676*f - 8612*f = 448. Give w(f).
9
Let b(g) = -518*g + 4 + 248*g + g**3 + 264*g + 3*g**2. What is b(-5)?
-16
Let r(t) = -13*t - 62. Let w be r(-7). Suppose 0*g + 4*g - 16 = 0. Suppose g*x - w = -9. Let q(b) = b**2 - 4*b - 2. Give q(x).
3
Let c(i) = i**2 - 5*i + 2. Suppose 0 = 5*p - 16 - 14. Let t be 6/(-4)*(0 + (-16)/p). Determine c(t).
-2
Let y be (117/(-15))/(36/(-120)). Let v(z) = -y + 9 - 6*z + 5*z - 21*z**2 + 16 - z. What is v(-1)?
-20
Let o(f) = 7*f - 12086 + 6048 + 6034 + f**2. Determine o(-2).
-14
Suppose 0 = -11*c + 19*c - 48. Let j = 24 + -21. Let b(a) = -2 + a**2 + 4*a - j*a - 7*a. Calculate b(c).
-2
Let r(h) = -4*h**2 - 13*h - 9. Let j(s) = s**2 + 4*s + 3. Let y(p) = 7*j(p) + 2*r(p). Let c be (9 - 0)*138/414. What is y(c)?
0
Suppose 4*t - 2 = -b + t, -b = -t + 14. Let o(c) = 13 + c**3 - 4*c**3 + 4*c**3 - 9*c + 9*c**2. Let g be o(b). Let h(p) = p**2 - 4*p + 2. Give h(g).
-1
Let k(y) = y**2 - 4*y + 2. Suppose -3 = -4*g - 7. Let n be ((g - 2) + 2/6)*-3. Suppose -4 = -3*u + n. Calculate k(u).
2
Let p = 1/5577 - -4337/3718. Let i(f) be the second derivative of -p*f**3 + 0 - 1/12*f**4 - 5*f**2 - 14*f. Determine i(-8).
-18
Let s(h) = h**2 + 2*h. Let o(n) = -7*n**2 - 11*n - 1. Let w be 238/(-35) - 8/(-10) - -5. Let t(z) = w*o(z) - 6*s(z). Let d be 10/(-25) + 14/10. What is t(d)?
1
Let w be -7 + 3 + 138 + -2. Suppose 30*b - w = 52*b. Let o(x) be the second derivative of x**5/20 + x**4/2 - x**3/6 - 2*x. What is o(b)?
6
Let h(c) = -5 + 3*c**3 + 7*c**2 - 5*c + 6 - 22*c**2 - 2*c**2. Let y be h(6). Let g(x) = x**2 - 5*x + 3. Calculate g(y).
17
Let l(j) = 3*j + 13. Let y be l(-4). Let i(v) = 23*v**2 - 5. Let a(f) = 12*f**2 - 3. Let m(b) = 7*a(b) - 4*i(b). What is m(y)?
-9
Let x(k) = -k**2 + 5*k + 6. Let o = 115 - 112. Suppose 0 = o*v - 1 - 14. Let c = 1 + v. Determine x(c).
0
Let p = 0 - -2. Let h(l) = -2*l - l + l**p - 3 + 0 + l. Let y(s) = 3*s**2 + 14*s - 1. Let i be y(-5). Give h(i).
5
Let j(a) = -86*a + 26 + 38*a - 7 + a**2 + 45*a. Determine j(8).
59
Let o be (2/3)/((-8)/(-60)). Let n(i) = 4*i**2 - 6*i + 5. Let r(z) = 4 + 2 + 5*z**2 + 1038*z - 1044*z. Let a(j) = o*r(j) - 6*n(j). What is a(-7)?
7
Let z(r) = r**3 + 10*r**2 - 12*r - 9. Let d be z(-11). Let k be (-7)/((-7)/d) - 0. Let m(l) = -2*l**3 + 1 + 64*l**2 - 64*l**2 + l**3 - 2*l. What is m(k)?
-11
Let n be (1036/(-42) - -24) + (1 - 188/6). Let j(d) = -d**2 - 32*d - 32. What is j(n)?
-1
Let q(z) = z**3 - 8*z**2 - z - 4. Let n(g) = g**3 - 13*g**2 + 24*g - 14. Suppose -55*p + 77 = -48*p. Let c be n(p). Give q(c).
-12
Let j = 513 + -503. Let v(q) = 67*q**3 - 12*q + 10*q**2 + 2 - 66*q**3 - j. Calculate v(-11).
3
Suppose 0 = -5*f + 25, 6*z + 2659 = 9*z - f. Let j = z + -890. Let y(v) = -3*v + 2 + 3*v - 3*v. Calculate y(j).
8
Let s(z) = 63*z**2 + 19*z + 10. Let i(d) = 236*d**2 + 75*d + 39. Let b(t) = -4*i(t) + 15*s(t). Give b(13).
-32
Let a(x) = 14*x - 7. Let i(c) = -39*c + 19. Let f(y) = -17*a(y) - 6*i(y). Calculate f(15).
-55
Let n = 2292 + -2288. Let u(b) = -3*b**3 + 4*b**3 + 6*b + 0 - 5*b**2 - 2. What is u(n)?
6
Let w(x) = x**3 + 10*x**2 + 12*x + 29. Let c be w(-9). Let v(s) = s**2 + 2*s**2 - 77*s + 78*s - s**c. Suppose -5*j + 4 + 6 = 0. What is v(j)?
10
Let f(g) = 2*g**2 - 2*g - 6. Let q(x) = -2*x**2 + 2*x + 7. Let b(p) = 6*f(p) + 5*q(p). Let c be ((-1561)/14)/(3/(-6)). Suppose -c = -5*u - 228. Give b(u).
3
Let m be ((-2)/(-15))/((-3)/(-45)). Let z(a) = a**3 - 7*a**2 + 7*a + 6. Let l(h) = -h**2 + h + 1. Let p(o) = -14*l(o) + 2*z(o). Calculate p(m).
14
Let m(a) = -a**2 - 24*a + 27. Suppose 0 = 8*z - 13*z - 2*z - 168. Give m(z).
27
Let a(j) = -j**3 + 8*j**2 - j - 3. Let o be (7/14)/(-1)*5*(-6)/5. Calculate a(o).
39
Let o(n) = n**3 - 4*n**2 + 6*n + 3. Let w be o(4). Suppose 3*a = l - 17, 0*l + w = -3*a + 3*l. Let q(b) = -6*b - 9. Calculate q(a).
15
Let v(j) be the first derivative of j**2 - 18*j - 5930. Calculate v(11).
4
Let j(v) = -v**2 + 3*v + 3. Let n be j(-2). Let f(p) be the second derivative of p**3/6 + 38*p + 24. What is f(n)?
-7
Suppose 0 = -295*o - 166*o - 1844. Let y(d) = -4*d**2 - 13*d - 6. What is y(o)?
-18
Let u(d) = 5*d - 2. Suppose -160*b + 33 = -149*b. Calculate u(b).
13
Let l(v) = 0*v - 11*v**2 + 8*v - 6*v + 12*v**2. Let b = 104 - 55. Let r = b + -47. Calculate l(r).
8
Suppose 3*g = 2*o - 1, o + 6 = 3*g + 2. Let n(h) = -6*h**3 + 13*h + 12*h**3 - h**2 - 7*h**g - 8*h - 2. Calculate n(-4).
26
Let t(y) be the first derivative of 7*y**2/2 - 8*y - 874. Calculate t(7).
41
Suppose 10*c = -4*c - 784. Let f be 17/(765/27) + c/10. Let t(v) = -2*v + 3. Calculate t(f).
13
Let z(n) = 3*n**2 - 3*n. Let y(k) = -11*k**2 + 20*k + 9. Let f(g) = -y(g) - 4*z(g). Calculate f(-2).
3
Let w(g) = 2*g**2 + 47*g + 1. Let x(u) = 4*u**2 + 83*u + 2. Let q(i) = 5*w(i) - 3*x(i). Determine q(-6).
11
Let y(k) = k**3 - 9*k**2 - 6*k - 30. Suppose 2*x = 4*o - 50, -4*o = -4*x + 6 - 66. Let t be y(o). Let r(b) = -b + 10. Determine r(t).
0
Suppose 0*s - 3*t - 52 = -5*s, 3*s - 4*t = 29. Suppose 1 + s = p. Let i(x) = -1 - 5 + 2*x - x + 1. Give i(p).
7
Suppose 291*y - 194*y = 485. Let f(v) = -7 - 3*v + 6*v + 1 - v. What is f(y)?
4
Let t(k) = 148*k - 36. Let m(f) = 68*f - 18. Let u(w) = -13*m(w) + 6*t(w). What is u(-7)?
-10
Let o(l) = -2*l**3 - 49*l**2 + 24*l - 23. Let z be o(-25). Let j = -1 - -6. Let a(s) = s**3 - j*s**z + 7*s - 2 - 4*s - 2. Give a(4).
-8
Let q(z) = -11*z + 20. Let l(f) = -f + 3. Let t(r) = 2*l(r) - q(r). Determine t(10).
76
Let f(s) = -28 - 14*s - 14*s + 27 + 45*s - 18*s. What is f(-3)?
2
Let t(p) = -50*p**2 + 5*p + 3. Let q be t(-1). Let o = -60 - q. Let u(y) = -y**2 - 10*y - 7. Determine u(o).
9
Let i(z) = 4*z**2 + 3*z + 1. Let x(j) = -32*j**2 + 3*j - 6. Let v be x(-2). Let d = v - -138. Determine i(d).
11
Let f(s) = 2*s**2 - 56*s + 64. Let w be f(27). Let c(u) = -13*u + 134. Calculate c(w).
4
Let c(h) = h**2 - 14*h - 57. Let n be c(17). Let v(p) = -11*p + 13. Let d(l) = 9*l - 13. Let s(m) = 6*d(m) + 5*v(m). Determine s(n).
-7
Let n(c) = -c**2 + 5*c + 2. Let v be (-1 + 2)/(222/220 - 1). Let t = v + -105. Let s be n(t). Let l(m) = -m + 2. Give l(s).
0
Let p(r) be the second derivative of -17*r**3/6 + 15*r**2 + 73*r. Let f be p(2). Let y(t) = -t**2 - 2*t + 4. Determine y(f).
-4
Let n(m) = -m**2 - 31*m - 22. Let u be n(-26). Let v = -110 + u. Let i(r) = 13*r + 6*r - 8*r. Give i(v).
-22
Suppose q = -3*g + 15, -3*q + 11 = 5*g - 46. Suppose 0 = -4*l + 5*t + 79 - q, 0 = -5*l - 2*t + 77. Let d(f) = f**3 - 15*f**2 - f + 8. Calculate d(l).
-7
Suppose 5*n - 2*o = -6, -10*n + 7*n + 4*o - 12 = 0. Suppose -4*k - 36 + 68 = n. Let c(p) = -p - 7. Determine c(k).
-15
Suppose 4*a + 456 = a - 35*a. Let q(f) = -8*f - 25. What is q(a)?
71
Let o(i) = -i + 34. Let n be (-5 - -6)/(6/(-66)) - -5. Calculate o(n).
40
Let m(c) = -10*c + 134. Let d be m(11). Let r(h) = -d + 4*h + 16 - 14 + 19. Give r(3).
9
Let r(d) be the first derivative of -7*d**4/4 + d**3/3 - d**2/2 + d - 4. Let y be 2/7 + 104/28. Suppose -2*v = o - 7, y*o = -v + 2*v + 1. Determine r(o).
-6
Let l(t) = -t**3 - 7*t**2 + 5*t + 2. Let j(o) = -128 - 125 - 4*o + 227 - 5*o. Let b be j(-2). Determine l(b).
26
Let u(i) = 7*i**2 + 16*i + 11. Suppose 2*h - 9 = -61. Let f be (h/6 - -3)*3/2. Let w(y) = 3*y**2 + 8*y + 5. Let c(b) = f*u(b) + 5*w(b). Give c(-7).
-4
Let l(j) = 17*j**2 + 4*j - 2. Let r be l(1). Suppose 21*h + r = 5*u + 25*h, -h = 2*u - 10. Let d(z) = z - 7. Calculate d(u).
0
Let y(g) = 15*g - 176. Let n(f) = -f**2 - 139*f - 1158. Let d be n(-130). Give y(d).
4
Let a(x) be the first derivative of x**5/60 - 7*x**4/24 + 2*x**3/3 + 11*x**2/2 - 6*x + 75. Let d(m) be the second derivative of a(m). Give d(5).
-6
Let m(r) = -r**2 - 8*r - 2. Suppose 5*g + 2 = 22. Let i be (-22)/g + 18/(-36). What is m(i)?
10
Suppose 570*v = 812*v - 484. Let m(z) = -z**3 + 7*z**2 - 13*z + 4. Determine m(v).
-2
Let t(o) = 1824*o + 45 - 1848*o + 6*o**2 - 5*o**2. Give t(22).
1
Let d(v) = 71*v**2 - 58